2. Let h be y(-4). Let g(i) = 32*i + 167. What is g(h)?
-25
Let k(j) = -j**3 - 3*j**2 - 2*j + 1. Let m = -86 + 88. Let y be (1/(3/(-2)))/(m/12). What is k(y)?
25
Let o(r) = -2 - 6 - 7*r - 3 + 11*r - 1. Determine o(0).
-12
Let d(g) = 9*g**2 - 4*g - 10. Suppose -17 = 3*y - 4*a, -3*y = 2*y - a + 51. Let i(o) = 25*o**2 - 12*o - 29. Let j(u) = y*d(u) + 4*i(u). Give j(6).
6
Let t(l) = -5*l**3 + 6*l**2 + 14*l + 239. Let o(b) = 8*b**3 - 4*b**2 - 16*b - 240. Let y(d) = -2*o(d) - 3*t(d). Determine y(-11).
-6
Suppose 13*c - 12*c - 140 = 0. Suppose 103*q = 99*q + c. Let a(h) = 5*h**2 - h**3 - 7*h**2 + h + q - 33. Determine a(2).
-12
Let f be (2/7)/((-74)/(-1036)). Let x(c) = f + 11*c + c**2 + 34*c - 53*c. Suppose -31 = -4*k - k + 2*w, w - 2 = 0. Give x(k).
-3
Let m(u) = u. Let t(w) = -13*w - 10. Let k(y) = 4*m(y) + t(y). Suppose 0 = -3*l - 2*x, -4*l - 31*x - 23 = -36*x. What is k(l)?
8
Let x(q) = 42*q - 6. Let l(p) = 31*p - 5. Let u(j) = -4*l(j) + 3*x(j). Suppose 7 = -3*w - 2. Let c = w + 7. Calculate u(c).
10
Let t(s) be the third derivative of 1/6*s**3 + 1/24*s**4 - 176*s**2 + 0 - 1/60*s**5 + 0*s. What is t(1)?
1
Let r(g) = -g**3 + 7*g**2 - 3*g - 6. Let b = 170 + -185. Let n be b/10 + 9/6 - -6. Calculate r(n).
12
Let u(q) be the first derivative of 0*q + 0*q**2 + 0*q**4 - 32/3*q**3 - 17 + 1/40*q**5 - 1/360*q**6. Let h(b) be the third derivative of u(b). Give h(5).
-10
Let o(p) be the third derivative of 3*p**6/40 - p**5/60 - p**4/24 + p**2 - 175*p. What is o(-2)?
-74
Let l(p) = -p - 8. Let m be 136/22 - (-78)/(-429). Let j be -9*3/(-3 + m). Give l(j).
1
Let t(k) = 4*k**2 + 3*k + 2. Suppose -7*x + 28 - 35 = 0. Give t(x).
3
Let w(o) = 9*o - 7. Let b(k) = 1. Let y be ((-3)/((-15)/10))/2. Let h(u) = y*w(u) + 4*b(u). What is h(2)?
15
Suppose -5*h + 25 - 35 = 0. Let n(o) = 3*o**3 + 4*o**2 + 2*o. Determine n(h).
-12
Let k(d) = d**3 + d**2 + d + 6. Let i be k(-5). Let w = i - -101. Let g(a) be the second derivative of a**4/4 - a**2/2 + 19*a. Give g(w).
11
Let j(l) = l**3 - 3*l**2 + 3*l - 2. Let u(v) = 2*v**2 + 1. Let s be u(-3). Suppose -s = -4*o + 5. Let r be o - (18/3)/2. Give j(r).
7
Let o(w) be the second derivative of -7/6*w**3 + 0 + 1/20*w**5 - 2*w - 7/12*w**4 + 1/2*w**2. Let k be (2 + -14 + 0)/((240/32)/(-5)). Calculate o(k).
9
Let t(g) be the second derivative of g**5/20 - g**4/12 - g**3/3 - g**2/2 - 311*g. Let w = 15 - 16. What is t(w)?
-1
Let q(g) = -9*g**2 + 1 + g**3 + 221*g - 396*g - 2*g**3 - 8 + 164*g. Give q(-8).
17
Let y be ((-42)/(-28))/((-1)/2). Let m(d) = 26*d - 9. Determine m(y).
-87
Let l(g) = 3*g**2 - g + 9. Suppose 9*y = 13*y. Let f be l(y). Let m(u) = -u + 16. Give m(f).
7
Suppose -5*v + 9*h = 2*h - 7, -3*h = 3*v + 3. Let q(s) be the second derivative of -2/3*s**3 + 1/6*s**4 + v - 30*s + 3/2*s**2. What is q(2)?
3
Let k(w) = w**3 - 7*w**2 + 41*w - 146. Let f be k(5). Let y(g) = -11 - 2 - 10*g**2 + 3*g + g**3 + 9*g. What is y(f)?
14
Let n(b) = -329*b**3 + b**2 + 17*b + 7. Let s(l) = 66*l**3 + 3*l**2. Let r(j) = -n(j) - 5*s(j). Determine r(-15).
23
Let f(k) = 2*k + 3. Let l(t) = t**2 - 49*t - 338. Let a be l(-6). Give f(a).
-13
Suppose 0 = 5*i + d - 305, 4*i + d + d - 238 = 0. Let w = -70 + i. Let g(y) = -y**2 - 6*y + 10. Determine g(w).
-6
Let g(r) be the second derivative of r**7/2520 + r**6/72 + r**5/40 - 55*r**4/12 - 18*r + 3. Let f(b) be the third derivative of g(b). What is f(-7)?
-18
Let t = 7 - 13. Let k(v) = -3*v - 12. Let j(l) = l + 2. Let g(p) = t*j(p) - k(p). Calculate g(2).
-6
Let z(n) = 20*n - 15. Let b be z(2). Let l be 12*(b/10 + -3). Let c(x) = -x - 3*x - 2 - 3*x - x**2. Determine c(l).
4
Suppose -4 = g - 0, 2*w - 5*g - 108 = 0. Let s = 47 - w. Suppose s*t + 35 = -4*t. Let n(m) = 3*m + 3. Determine n(t).
-12
Let f(y) = 0*y + 5 - 1180*y**2 - 1185*y**2 + 2364*y**2 + y. Let m be 9/(-18)*0/2. Determine f(m).
5
Let d(q) = 8*q + 11. Let k(o) = 8*o + 9. Suppose -4*y - 24 = g - 5, -g = -5*y - 26. Let z(a) = y*d(a) + 6*k(a). Calculate z(3).
23
Let o(g) be the second derivative of -13*g**4/12 + g**3 - 5*g**2/2 - 3*g - 54. What is o(1)?
-12
Let b be (228/(-76))/(1*(-1)/1) - -2. Let z(y) = -y**2 - 6*y - 3. Let u be z(-5). Let n(o) = o**3 - 4*o**u + 2 + 5 - 3*o - 3. Determine n(b).
14
Let v(j) = -4*j**2 - 4*j - 3. Let w = -151 - -172. Suppose 9 = 6*i + w. Give v(i).
-11
Suppose 0 = -31*b + 26*b + 1760. Suppose 356*q - b*q - 8 = 0. Let h(a) = a**2 - a - 2. Calculate h(q).
0
Let r(u) = u**2 + 13*u - 25. Let h be r(-15). Let o be 2/(-11) + 92/22. Let y(b) = 5 + 5 - b**3 + o*b**2 + 5*b - 5. What is y(h)?
5
Let m(f) = -728*f**2 - 12*f - 30 + f + 360*f**2 + 367*f**2. Determine m(-7).
-2
Let r(z) = -z**2 + z + 4. Let o(v) = 6*v**2 - 5*v - 20. Let i(a) = -2*o(a) - 11*r(a). Suppose -9*g + 4485 + 6108 = 0. Let w = g + -1180. Give i(w).
-10
Suppose -3*w + 97 - 102 = 2*w. Let v(q) = 12*q + 5. Give v(w).
-7
Let n(q) be the second derivative of 2*q**5/15 - q**4/12 - 7*q**3/3 - q**2/2 + 2*q - 6. Let y(d) be the second derivative of n(d). Determine y(1).
14
Let r(g) = 656*g + 334. Let u(n) = 237*n + 112. Let y(m) = 8*r(m) - 22*u(m). Determine y(-6).
4
Let k(b) = -4*b + 21. Let y be k(4). Let i(j) = 3*j**2 - 2*j + 7. Let v be i(y). Let d be v/(-54) - 2/3. Let n(s) = -2*s**2 + 2*s. Give n(d).
-12
Let a(o) = 4*o**3 + 3*o**2 - o + 27. Let i(f) = -3*f**3 - 3*f**2 - 18. Let v(y) = 2*a(y) + 3*i(y). What is v(-3)?
6
Let w(f) = -f - 2. Let l(v) = -v - 1. Let o = 40 + -38. Let h(j) = o*l(j) - w(j). Calculate h(-6).
6
Let j(w) = 3249*w - 3249*w - 13 - w**2. Let s be 0/(24/(-9) + 22/33). What is j(s)?
-13
Let n(r) = -214*r**2 + 138*r**2 + 78*r**2 - 6*r - 6. Calculate n(5).
14
Let o(u) = u + 3. Let y = 13 - -8. Let q = y + -28. Let r(l) = l**3 + 8*l**2 + 7*l + 4. Let j be r(q). Calculate o(j).
7
Suppose -5*s = 2*h + 1, -4*h = 70*s - 73*s - 11. Let p(b) = -17*b**2 - 17*b - 7. Let q(w) = -8*w**2 - 8*w - 3. Let f(v) = -6*p(v) + 13*q(v). Calculate f(h).
-9
Let s(o) be the second derivative of -2*o**3/3 - 3*o**2 + 6*o. Let y(g) = -5*g - 6. Let h(l) = 3*s(l) - 2*y(l). What is h(5)?
-16
Let n(g) = -2*g**2 + 4*g + 2. Let a(f) be the second derivative of -f**4/12 + f**3/6 - 63*f. Let u(q) = -4*a(q) + n(q). Give u(2).
10
Let z(c) be the first derivative of 29*c**2/2 - 340*c + 10159. What is z(12)?
8
Let r(z) = 33*z**2 + 17. Let j(k) = -15*k**2 + k - 6. Let n(a) = 5*j(a) + 2*r(a). Calculate n(-1).
-10
Let z(i) = -i**2 - 7*i - 10. Let c(w) = -3*w**2 - 21*w - 32. Let y(m) = 2*c(m) - 7*z(m). Let n be 21/(-4) - (-2)/8. Calculate y(n).
-4
Let c(z) = 3*z**3 - 7*z**2 - 4*z + 6. Let n(h) = -h**3 + h**2 + 2*h - 1. Let u(t) = -c(t) - 2*n(t). Let s = -5 + 10. Calculate u(s).
-4
Suppose 0 = -0*b - 5*b - 20. Suppose 8*j - 2807 = 4393. Let i(c) = -904 - j + 1808 + c. Give i(b).
0
Let d(i) = 35*i**2 + i. Suppose 7 = -3*n - 2*j, -13*j = 5*n - 18*j - 30. Calculate d(n).
36
Suppose 5*x + 5*b = -240, -3*b + 53 = -x + 9. Let m = -52 - x. Let o(z) = 2*z + 4. Determine o(m).
-6
Let f(z) = -4*z**2 - 1. Suppose -4*t + 0*p + 55 = -5*p, -3*t + 4*p = -41. Suppose 0 = t*s - 18*s. Suppose 0 = -s*v - 5*v - 5. Calculate f(v).
-5
Let h(s) = -s**2 + s - 1. Let b(n) = 4*n**2 - 12*n + 11. Let d(o) = b(o) + 5*h(o). Suppose -168*c - 1801 + 625 = 0. What is d(c)?
6
Let s(r) be the first derivative of 15*r**2 - 100*r + 1289. Calculate s(4).
20
Let x(s) = -3 - 25*s - 8*s**3 - 2*s**2 + 10 - 16*s**3 + 23*s**3 + 22*s. Calculate x(-5).
97
Let c(g) = -18*g + 544 + 12*g - 123 - 146. What is c(46)?
-1
Let c(t) = 2*t + 2*t + t**3 - 3*t**2 + 13*t**2 + 11 - 2*t. Let a(u) = -2*u**2 + 5*u + 92. Let q be a(-6). Give c(q).
-9
Let m(i) = -i**3 - 11*i**2 - 5*i + 15. Let b = -3725 - -3714. What is m(b)?
70
Let d be (-8 + 17)/9 + (-3 - -3). Let p(c) = 2 - 678*c + 2 - d + 680*c. Determine p(-6).
-9
Let d(a) = 11*a + 107. Let x(m) = 3*m**2 + 144*m - 10. Let h be x(0). Determine d(h).
-3
Let o(n) be the second derivative of n**6/120 + n**5/12 - n**4/8 - n**3/6 + 17*n**2/2 - 14*n + 1. Let k(x) be the first derivative of o(x). What is k(-6)?
-19
Let o(s) = -s**2 + 2. Let d be 2 - (-54)/(-4)*6. Let i = 82 + d. Give o(i).
-7
Suppose -84*s = -47*s + 16 + 169. Let d(w) = -2*w**2 - 7*w + w + 14 - 7. Give d(s).
-13
Let b(a) = -a**2 - 5*a - 17 - a**2 + 3*a**2. Let d = 69826 + -69818. Give b(d).
7
Suppose -3*q - 7 = -2*m, -m = 2*q + 12 + 2. 